02331123
In base 4, what is 1031332 + 1122102?
2220100
In base 15, what is -c1 - -7e2a?
7d59
In base 2, what is -101111110110010 + 10101101?
-101111100000101
In base 4, what is -10 - -102023132032?
102023132022
In base 5, what is 101 - 1230322131?
-1230322030
In base 13, what is -421c56a - 4?
-421c571
In base 13, what is 95997c + 3?
959982
In base 7, what is 212 - -16313203?
16313415
In base 8, what is -4 - -115122235?
115122231
In base 13, what is -186a - 27c05?
-29772
In base 16, what is -1803103 + -6?
-1803109
In base 9, what is 1014 + -17838?
-16824
In base 12, what is b4 + 26b35?
27029
In base 15, what is -2 - -1d2731d?
1d2731b
In base 5, what is 2240440 + -12034?
2223401
In base 11, what is 19 - 2179a8?
-21798a
In base 3, what is -202020 + -2000122100?
-2001101120
In base 2, what is -1000111000 - -11010101011001000010?
11010101010000001010
In base 8, what is 1537735 + -43?
1537672
In base 16, what is -251869 - 4?
-25186d
In base 2, what is 10000111001 + 1001010111110010?
1001101000101011
In base 11, what is -7a82 + -793?
-8765
In base 8, what is -740035 + -1004?
-741041
In base 3, what is 2212 + -121002020110212?
-121002020101000
In base 5, what is -130410 - 1042?
-132002
In base 13, what is -1434254 - 82?
-1434306
In base 15, what is 5e365 + -18?
5e34c
In base 13, what is -49c - -1b838?
1b369
In base 15, what is 121e97 - -7?
121e9e
In base 6, what is -133201 - 1320454?
-1454055
In base 16, what is -1ee7 - -5f5?
-18f2
In base 7, what is 235021026 + -2?
235021024
In base 10, what is -29409401 - 4?
-29409405
In base 14, what is -44 - 143915?
-143959
In base 13, what is -50057 + -48?
-500a2
In base 14, what is 452 + 1a495?
1a907
In base 2, what is -110110111110 + -100011100101001?
-101010011100111
In base 16, what is -29874f - 3?
-298752
In base 10, what is -2 + 4472190?
4472188
In base 10, what is 1180567 - 33?
1180534
In base 8, what is -3 - -2064376?
2064373
In base 14, what is -149d3 + d06?
-13acb
In base 8, what is -7554 + -4667?
-14443
In base 16, what is -924fdfe6 + -1?
-924fdfe7
In base 15, what is 2894 + 4c7?
2d6b
In base 2, what is -100 - -101000101110011100110?
101000101110011100010
In base 14, what is 4174c + 4?
41752
In base 2, what is 1010100010000111 - -10001100111?
1010110011101110
In base 6, what is 10524 - 305310?
-254342
In base 14, what is 1 - 649040?
-64903d
In base 14, what is -cb62b - -83?
-cb588
In base 12, what is 316 + 18ba5?
192bb
In base 16, what is acc - 53a02?
-52f36
In base 12, what is -5b4a7 + -5a?
-5b545
In base 12, what is 2 + -5377153?
-5377151
In base 6, what is 1333 + -4032244?
-4030511
In base 8, what is -32241146 + 0?
-32241146
In base 6, what is 214423441 - -113?
214423554
In base 15, what is -20 - 1e7d172?
-1e7d192
In base 11, what is -7912 + 1791?
-6131
In base 14, what is -c - c1dc62?
-c1dc70
In base 9, what is -10513 - -508?
-10004
In base 13, what is 5267 + -833?
4734
In base 15, what is 4ecc92 + 0?
4ecc92
In base 6, what is 5150015 + 5545?
5200004
In base 12, what is -9092 + 2878?
-6416
In base 16, what is d36fe + -24d?
d34b1
In base 7, what is -1403512 - 1?
-1403513
In base 2, what is 11 - 1001110101000001111010011?
-1001110101000001111010000
In base 13, what is -2 + 54a298?
54a296
In base 11, what is -28 + -12a097?
-12a114
In base 6, what is -15520104 - 532?
-15521040
In base 9, what is -43743658 - -4?
-43743654
In base 7, what is 205132536 - -5?
205132544
In base 16, what is 145f - -19f8?
2e57
In base 6, what is 115101255 + -13?
115101242
In base 6, what is 112245340 - -43?
112245423
In base 13, what is c5b124a + 1?
c5b124b
In base 7, what is -5422 - 1215?
-6640
In base 3, what is 1011022020121112001 + 12?
1011022020121112020
In base 14, what is 27 + -13a?
-113
In base 12, what is 51 + -61309a?
-613049
In base 11, what is 3592401 - 14?
3592398
In base 4, what is -21230 - 1212312121?
-1213000011
In base 16, what is -f - -415a9?
4159a
In base 15, what is 46de853 - 1?
46de852
In base 2, what is 10001100010110000110101 + 100?
10001100010110000111001
In base 9, what is 860 - -831201?
832161
In base 10, what is -1456 - -135164?
133708
In base 2, what is -1100010011001011 + 11000?
-1100010010110011
In base 5, what is 340204242123 - 3?
340204242120
In base 8, what is 371 - 57452?
-57061
In base 11, what is 30519a10 - 4?
30519a07
In base 8, what is -404 + -754775?
-755401
In base 2, what is -100100000 + -100010001000000?
-100010101100000
In base 11, what is 1693 - -1457?
303a
In base 14, what is 4 + bd02c7?
bd02cb
In base 5, what is 131442041 - -1121?
131443212
In base 3, what is -12 - -10010210021110?
10010210021021
In base 11, what is -256894 - -210?
-256684
In base 2, what is -1100001011010000110111 - 1?
-1100001011010000111000
In base 3, what is -11002120220111 - 101?
-11002120220212
In base 12, what is -73b4 + 6ab8?
-4b8
In base 14, what is 47 - -2c0?
327
In base 10, what is 13 + -9488374?
-9488361
In base 16, what is -7 + 2b31?
2b2a
In base 16, what is 110d5a9 + -47?
110d562
In base 9, what is -63701 - 2473?
-66274
In base 14, what is 2 + 12213d3?
12213d5
In base 13, what is -4a5351 + 3?
-4a534b
In base 16, what is -f6 + -8537?
-862d
In base 3, what is 110120121111 - 0?
110120121111
In base 4, what is -11 + 333332312213?
333332312202
In base 4, what is 122211023103 + 0?
122211023103
In base 10, what is -3355654 - 2?
-3355656
In base 5, what is 0 + -4340104132?
-4340104132
In base 10, what is 0 + 124230459?
124230459
In base 16, what is -30e1 - a842?
-d923
In base 5, what is -21242 + -323033?
-344330
In base 7, what is -1010343 - -12642?
-664401
In base 11, what is 152 + -20869?
-20717
In base 11, what is 9 - 280821?
-280813
In base 11, what is -9898 + -7a3?
-a590
In base 12, what is 0 + -6760885?
-6760885
In base 5, what is -3024130202 + 1224?
-3024123423
In base 5, what is -20012110 + -44?
-20012204
In base 11, what is 4 + 97a59846?
97a5984a
In base 4, what is -1 + 221001313232?
221001313231
In base 3, what is -210110222 + -100022220?
-1010210212
In base 8, what is -51377773 - -11?
-51377762
In base 3, what is -21102121222202 + -12?
-21102121222221
In base 3, what is -10 + 1101211111100012?
1101211111100002
In base 4, what is 1022003 - -23220?
1111223
In base 6, what is -11302533055 - -1?
-11302533054
In base 15, what is 43409d + 1?
43409e
In base 13, what is -929900 + -16?
-929916
In base 6, what is -100251251 - -451?
-100250400
In base 7, what is -666516 + 360?
-666126
In base 3, what is -11020102111012201 + 11?
-11020102111012120
In base 5, what is -3341330404 + -23?
-3341330432
In base 14, what is -35d892 + 74?
-35d81c
In base 11, what is -2a61 + 52315?
4a364
In base 16, what is -3ff + 22c55?
22856
In base 15, what is 5ceac + -acd?
5c3ce
In base 13, what is 5b5 + -36a9?
-30c4
In base 11, what is -3193214 - -1?
-3193213
In base 4, what is 21 - -111120313210?
111120313231
In base 5, what is -1010 - -20314214?
20313204
In base 12, what is -5155 - 2048?
-71a1
In base 13, what is b004 - 4?
b000
In base 15, what is 10ba6 + 149?
10d00
In base 6, what is -240324301 - 4?
-240324305
In base 2, what is -11000111001101011001010 - -101?
-11000111001101011000101
In base 3, what is -11 - 11022202001210?
-11022202001221
In base 9, what is 172543 + -57?
172475
In base 2, what is -10110110110000110010010 - 10?
-10110110110000110010100
In base 12, what is -3 + 2656ba68?
2656ba65
In base 12, what is -a25 + 35149?
34324
In base 13, what is -4635 + 453?
-41b2
In base 10, what is -29096085 - 3?
-29096088
In base 11, what is -36492 + 1?
-36491
In base 12, what is -15455b5 - -3?
-15455b2
In base 3, what is 1120022100201202021 - -10?
1120022100201202101
In base 12, what is -219b0 - -a90?
-20b20
In base 6, what is -40 + 250433213?
250433133
In base 14, what is -47b80 + -107?
-47c87
In base 10, what is -15590 + -761?
-16351
In base 3, what is 20002222202022 + -2?
20002222202020
In base 8, what is -615 - -11746?
11131
In base 16, what is -36ffd - 63?
-37060
In base 10, what is 997 + -6306?
-5309
In base 7, what is -1120036411 - -4?
-1120036404
In base 4, what is -10 + -1000102100211?
-1000102100221
In base 15, what is -147 - 23b7c?
-23cc4
In base 8, what is -24 - 1541730?
-1541754
In base 12, what is -2321 - 48b?
-27b0
In base 8, what is 3 + 10700013?
10700016
In base 14, what is -1 + -2a306?
-2a307
In base 4, wha